site?
False
Suppose -189*t + 186*t + 12 = 0. Suppose 5*k = t*r - 13227, r + k - 13257 = -3*r. Is r a prime number?
True
Suppose -2*z = 6*z - 8. Let o be (2/(-4))/(z/8). Is 4616 + -3 + 4 - o a prime number?
True
Let j be ((-1)/4*4)/(2/6). Is ((-20)/(-16))/(j/34620*-5) prime?
False
Let s(t) = 8647*t**3 + 6*t**2 - 12*t + 10. Is s(1) a composite number?
True
Let p = 794092 - -1289755. Is p a prime number?
True
Suppose -10*v - 60 = -90. Suppose -2*r - 9*m = -8*m - 3967, -v*m = 4*r - 7937. Is r a composite number?
True
Suppose 24*j - 1215901 = 301883. Is j composite?
False
Let x = -121 - -97. Let s be x/(-10)*392 + (-2)/(-10). Let z = s - -100. Is z prime?
False
Let l(k) = 4*k**3 - 86*k + 28. Is l(27) prime?
False
Let x be (-153)/(-15) - (2 + 36/(-20)). Suppose -5 = 4*u + p - 7, 0 = -5*u - 5*p + x. Suppose u = -t - 6*t + 1001. Is t a prime number?
False
Let s be ((-29)/(-2))/((-9)/(-10962)*7). Suppose -m + s = -2180. Is m composite?
False
Suppose -3*s = v - 65, 0*v - 3*s - 94 = -2*v. Suppose 9*j - 4*j + q = v, 3*j - q - 35 = 0. Let a(o) = -o**3 + 13*o**2 + 12*o + 21. Is a(j) composite?
True
Suppose -1914639 = -16*i - 459247. Is i a prime number?
False
Is ((-4716)/24 + 7)/((-2)/556) prime?
False
Let m(l) = 18*l**2 - 138*l + 2969. Is m(65) composite?
True
Suppose -l + 7*l = -120. Is 1676*((-145)/l + 3) a prime number?
False
Let b = -41 + 56. Is b*625 + 15 + -19 a composite number?
False
Let c(g) be the third derivative of -g**4/12 - 5*g**3/3 + 29*g**2. Let i be c(-8). Suppose -i*p - 450 = -7932. Is p composite?
True
Let o = -488 - -492. Suppose -3*t + o*s = -373 - 624, -3*t - 2*s = -991. Is t composite?
False
Let p(a) = 5*a**2 - 3*a + 12. Let r be p(6). Suppose v - 3*f = 6*v - 221, -4*v + r = f. Let h = 148 + v. Is h composite?
False
Let x = 2742469 + -1603756. Is x a composite number?
True
Suppose -252 + 14522 = 10*w. Suppose -u - 4297 = -3*a + 3*u, 4*u - w = -a. Suppose 4*c - 197 - a = 0. Is c a composite number?
True
Let q(i) = -4*i + 318 - 8*i**2 + 253 + 4*i**2 + 3*i**2. Let r be 0 - 0/((-3 - -2) + -1). Is q(r) composite?
False
Suppose -2*n + 23 = 3*a, -4*n + 46 = n - 4*a. Suppose b - g - 5 = 3*g, -n = -2*b + 4*g. Suppose -c + 48 = -b*u, 5*c - u + 0*u = 192. Is c a prime number?
False
Let t(f) = 28*f + 214 + 216 - 411 + 36*f**2. Is t(-8) prime?
True
Let n(q) = -q**3 - 6*q**2 - 3*q - 13. Let x be n(-6). Let z = -3 + x. Suppose m = z*m - 359. Is m a prime number?
True
Let s = 468 - 475. Is s + (-5)/(5/(-858)) a composite number?
True
Let j be (2 - 0)*(-17)/2. Let o(f) be the third derivative of 3*f**5/20 + 25*f**4/24 + f**3/2 + 937*f**2 + f. Is o(j) composite?
False
Let c(o) = -1577*o - 3. Let b be 11/22 + 19/(-2) + -1. Is c(b) a composite number?
False
Let a be (150/(-120) - (-2)/8) + 300. Let w = 1008 - a. Is w prime?
True
Let p = 169 + -172. Is (p - (-366)/(-12))*(1 + -35) a composite number?
True
Let c(r) = r**2 - 19*r - 13. Suppose y - 4*q = -y - 64, -5*y - 3*q - 95 = 0. Let j(s) = s**3 + 23*s**2 + 22*s + 22. Let d be j(y). Is c(d) composite?
False
Let k(u) = 12*u**2 - 9*u - 9 + 23 - 3 + 12*u**3. Is k(10) composite?
False
Let t(h) = 132*h - 6. Let i be t(4). Let m = 111 - i. Let k = m + 1418. Is k a prime number?
False
Is (-13)/(182/(-2505202)) - (-6)/(-2 + 3) a composite number?
True
Suppose 2*l = 6*k - 1024186, -75*l + 79*l = -3*k + 512113. Is k a prime number?
False
Let m = 3561 - 10209. Let d = m - -11461. Suppose -d = -8*v - 597. Is v composite?
True
Let v = 816141 - 348470. Is v a prime number?
True
Let o(b) = -3021*b + 226. Is o(-11) composite?
False
Suppose 357*k - 81*k = 2980524. Is k a prime number?
True
Let o(r) = 830*r**2 - 6*r + 29. Let h be 32/(-12)*15/(-10). Is o(h) prime?
False
Let c be ((-14)/(-21))/((-2)/6). Let u be -16 + 16 + (0 - (6 + 1)). Is (32 - c)*u/(-2) composite?
True
Suppose -136*o + 7597799 = 6*o - 23118647. Is o prime?
False
Let v(g) = 6184*g**2 - 31*g - 160. Is v(-7) composite?
False
Let f be (16 - -1)*(-144)/(-8). Let r = f + -513. Let o = r - -1550. Is o a composite number?
True
Let f be (52/10 + -1)/((-9)/(-45)). Let s = 19 - f. Is (2113 - -1)*s/(-4) composite?
True
Let w be (-4 + -11)/3*-1. Suppose -c = c + w*j + 473, 2*c + 3*j = -463. Let n = 811 + c. Is n a prime number?
True
Is (-4)/(-6) + (-29138)/(-510)*2935 a composite number?
True
Let x be 4*((-8)/10 - (-387)/90). Is ((-16)/(-56))/1 - (-23670)/x prime?
False
Is -2 + 884/425 + 5113446/50 composite?
True
Suppose 5*v = -19*v + 12*v + 520284. Is v a composite number?
True
Let j = 14720 - -22033. Is j prime?
False
Let t = 382 + -168. Suppose 0 = -t*r + 210*r + 1492. Is r composite?
False
Suppose 4*x + g + 997 = -2360, 4*g = -3*x - 2508. Let i = -431 - x. Is i a composite number?
False
Is 9/(-24) - 333808031/(-872) composite?
False
Suppose 0 = -4*l - 3*l + 4*f + 35, -15 = -3*l - 4*f. Suppose 939 + 279 = 2*u. Suppose g = 4, -3*g + u - 2852 = -l*z. Is z prime?
False
Let v(b) = -10 - 29 + 118*b - 448*b - 14. Is v(-5) composite?
False
Suppose 0 = 47*v + 65*v - 2*v - 4433110. Is v a composite number?
True
Suppose -3093375 = -37*h + 4562619 + 560855. Is h a prime number?
False
Let v(b) = b**2 + 13*b + 47. Let s be v(-7). Suppose -4*x + 32931 = s*x. Is x a prime number?
True
Let h = 2119671 - 1336556. Is h a prime number?
False
Let o(n) = n**3 + 17*n**2 + 12*n - 4. Let h be o(-16). Let a = h - 58. Suppose 2*j - 414 = -a*y, -4*y - 59 - 158 = -j. Is j a prime number?
False
Let f = 200 + -200. Is (f - 2722/(-2))*(-194)/(-194) composite?
False
Suppose 7*b - 36 = -2*b. Let d(y) = -3 + 51*y**2 - 2*y - 2*y - y. Is d(b) composite?
True
Let g be 2226/(-8) + (-27)/36. Let a = 1184 + -552. Let x = a + g. Is x composite?
False
Let y be 1/((-2)/(-9476)) + 27 + -24. Suppose 17*j - y = 6*j. Is j a composite number?
False
Suppose 3*q + 2*c = 6, 92*c = 93*c. Suppose -y - 5555 = -f, 9148 = 4*f - q*y - 13076. Is f composite?
False
Let n(c) = 51*c - 59. Let p(v) = 76*v - 88. Let d(b) = -7*n(b) + 5*p(b). Suppose -7*k - 26 = -82. Is d(k) a prime number?
True
Let b = -2138 - -3560. Let v = 514 - 909. Let q = b + v. Is q a composite number?
True
Let a(x) = 241*x + 22. Let c be a(2). Let p = 1603 - c. Is p a prime number?
False
Suppose -2*s - 10*l = -5*l - 13769, 3*l - 9 = 0. Suppose 6 = -a + 9. Suppose 4*g + a*t - 9168 = -t, 3*g + 4*t = s. Is g composite?
True
Is 457855*(-8 - 205/(-25)) composite?
False
Is (-9918486)/4*1582/(-7119) composite?
False
Let r(y) = y**2 - 3*y - 6. Let f be r(-2). Suppose -f*d = -5*v + 62707 + 19360, -3*v = -5*d - 49248. Is v composite?
False
Suppose 7849860 = 35*z - 16859266 - 8236339. Is z prime?
True
Let w(a) = 13*a**2 - 57*a - 1313. Is w(56) a composite number?
False
Let z(y) = -8*y - 61. Let w be z(-9). Suppose 13 - 2 = w*i. Is 39/13*i*(-2183)/(-3) a composite number?
True
Let b(d) = 372*d**3 + 13*d**2 + 26*d - 1. Let z be b(-6). Let w = 150312 + z. Is w prime?
True
Suppose -3*k + 3*i + 416082 = 55965, 5*i = 3*k - 360113. Is k composite?
False
Is ((-82)/(-4) + (9 - 3))*818 a prime number?
False
Suppose -16 = -5*l + l. Let y be -2 + (6 - (2 - 0)) + 2530. Suppose -3*d - d = -l*b - y, 0 = -b - 2. Is d a composite number?
False
Suppose -4*t + v + 4*v - 143 = 0, 41 = -t - 4*v. Let w be 4/((-4)/t) + 3. Is 5/w + (-4206)/(-16) a prime number?
True
Suppose 0 = z - 13570 - 20967. Suppose -964*l + 965*l = z. Is l a prime number?
True
Let n(q) = 130*q**2 + 202*q + 79. Is n(-19) a composite number?
True
Is (1 - 43874)*5/(-30)*6 a composite number?
True
Let j(n) = -n - 1. Let w(r) = -3*r + 1. Let c be w(6). Let o be j(c). Let m = 42 - o. Is m prime?
False
Let d(n) = -3*n**2 - 20*n + 18*n + 21*n. Let w be d(7). Let h(c) = c**2 + 6*c - 1. Is h(w) a composite number?
True
Let s(u) = 6*u + 9. Let v be s(5). Let t = -35 + v. Suppose t*p = -1751 + 6067. Is p prime?
False
Let n(c) = c**3 - 5*c**2 - c - 1. Let s be n(-4). Suppose -3717 + 10617 = -15*p. Let m = s - p. Is m a prime number?
False
Let g = -41846 - -127143. Is g a prime number?
True
Suppose 15*j - 2778348 = -4*j + 7*j. Is j a prime number?
True
Suppose 3*r - 8894 = 592. Suppose -6*k + 31776 = r. Is k a composite number?
True
Let z be (-2)/(8/4)*(3 + 936). Let v = 187 - z. Let u = 1709 - v. Is u prime?
False
Let z be (12/3)/(-4) - -3. Suppose -x = -2*m + 8, m - 2*x - 9 = -z. Suppose -322 = -5*v + m*v. Is v composi